6431 a composite number?
True
Is 315009353 composite?
True
Is 1260548809 a prime number?
False
Is 9341075929 a composite number?
False
Is 5304742361 a prime number?
False
Is 35682071045 a composite number?
True
Is 528006763 composite?
False
Is 299476254809 a composite number?
False
Is 5024838017 a prime number?
True
Is 334279229 prime?
True
Is 936803579 composite?
True
Is 11095478473 a composite number?
True
Is 9270073339 a prime number?
True
Is 108263489 prime?
True
Is 16752652613 composite?
False
Is 50868373531 composite?
False
Is 60406523 prime?
False
Is 331328034667 a prime number?
False
Is 94841382883 composite?
True
Is 98327179451 composite?
False
Is 1834951777 a composite number?
True
Is 2147467873 a prime number?
False
Is 481056929 prime?
True
Is 145846963 a composite number?
True
Is 71507468371 a composite number?
False
Is 36087619433 a prime number?
False
Is 717165443 a prime number?
False
Is 1223388631 a composite number?
False
Is 2277641941 prime?
True
Is 421955137 prime?
True
Is 14110598773 composite?
False
Is 432524653 a composite number?
True
Is 8040007721 composite?
False
Is 120364259941 a prime number?
True
Is 28471180403 composite?
False
Is 2338940287 prime?
True
Is 28991777527 prime?
False
Is 606473251 composite?
False
Is 70771451 composite?
True
Is 204145495 composite?
True
Is 25715687819 composite?
True
Is 176068883399 a prime number?
True
Is 4954458569 a prime number?
False
Is 1782740521 composite?
False
Is 12332385669 a composite number?
True
Is 23241619727 a prime number?
False
Is 2353600219 a composite number?
True
Is 902377547 prime?
False
Is 60391439 prime?
True
Is 948410167 a prime number?
True
Is 4021627733 a composite number?
True
Is 15304623839 a composite number?
False
Is 2584952803 a composite number?
True
Is 21908931119 a prime number?
False
Is 27795173839 a composite number?
False
Is 534062443 prime?
True
Is 10060534051 a composite number?
False
Is 66197079343 a composite number?
True
Is 2586391061 prime?
True
Is 298166621 composite?
True
Is 1938071201 a prime number?
False
Is 1782322331 a composite number?
False
Is 96823986293 prime?
False
Is 11412902629 composite?
True
Is 3790899917 a composite number?
True
Is 192365543 a prime number?
True
Is 4075106899 a prime number?
True
Is 33672099371 prime?
False
Is 19215461227 prime?
False
Is 180375947 a composite number?
False
Is 3756371389 a composite number?
False
Is 5669685337 composite?
False
Is 2797136729 prime?
True
Is 50007991229 composite?
True
Is 83308729957 prime?
False
Is 398801926 composite?
True
Is 200886029 a composite number?
False
Is 2711145683 prime?
False
Is 105448411833 a composite number?
True
Is 202325677 a composite number?
True
Is 1585778161 prime?
False
Is 330692819 a prime number?
True
Is 6741295997 a prime number?
True
Is 3646024919 a composite number?
True
Is 269746639 a composite number?
True
Is 7921847941 composite?
True
Is 268496978 composite?
True
Is 83613599879 a prime number?
False
Is 33912941393 a composite number?
True
Is 1100542279 composite?
False
Is 2646411322 composite?
True
Is 11450702327 a composite number?
True
Is 288015707069 composite?
False
Is 6358587827 composite?
True
Is 995388458 a composite number?
True
Is 75280411 composite?
False
Is 18650566139 prime?
True
Is 35600339407 a composite number?
False
Is 680452433 a composite number?
True
Is 544991817 composite?
True
Is 2628702493 a composite number?
False
Is 7717776863 prime?
True
Is 326335378 a prime number?
False
Is 2133679807 a composite number?
True
Is 26062306313 a prime number?
True
Is 22782449 a composite number?
False
Is 22309219921 composite?
True
Is 18708346607 a prime number?
True
Is 3733821341 prime?
True
Is 1689764081 composite?
False
Is 345570367 prime?
False
Is 262373066149 a prime number?
False
Is 76230197 prime?
False
Is 11791174127 a prime number?
True
Is 1733638769 a prime number?
True
Is 3027965753 prime?
True
Is 225888539 prime?
True
Is 915525889 a composite number?
True
Is 8376041431 a composite number?
False
Is 1139734513 prime?
False
Is 61172948939 a composite number?
False
Is 108236724127 composite?
True
Is 19039432007 a prime number?
True
Is 10215169021 composite?
False
Is 19566845731 prime?
True
Is 14112459289 composite?
False
Is 6074074507 a prime number?
True
Is 9309793 a composite number?
False
Is 471567703 a composite number?
True
Is 23326085621 composite?
False
Is 27395900717 prime?
True
Is 2010033341 a prime number?
True
Is 2926342841 prime?
True
Is 55861884521 prime?
True
Is 7832828915 prime?
False
Is 90906493 composite?
True
Is 98013624955 composite?
True
Is 65704619 a composite number?
False
Is 1649034971 composite?
False
Is 831944543 a prime number?
True
Is 126270736793 prime?
True
Is 69405703 a composite number?
False
Is 191753921 prime?
False
Is 61067221 prime?
True
Is 423350269 prime?
False
Is 2495297359 composite?
False
Is 6000827347 a prime number?
True
Is 60403913189 a prime number?
False
Is 302972867 prime?
True
Is 166704313 prime?
True
Is 9606047701 prime?
True
Is 56303211971 a prime number?
True
Is 430254313 composite?
True
Is 354787661 a prime number?
True
Is 78641604201 prime?
False
Is 6412629169 a composite number?
False
Is 6609397571 composite?
True
Is 1058980927 a composite number?
True
Is 4282013017 a composite number?
True
Is 8154480977 prime?
True
Is 13455908701 composite?
True
Is 176775109 a prime number?
False
Is 130690589923 composite?
False
Is 36649930321 a composite number?
False
Is 36251556251 a prime number?
True
Is 31283490683 a composite number?
False
Is 572197891 composite?
False
Is 72554227 composite?
False
Is 766892471 a prime number?
False
Is 16607496509 a prime number?
False
Is 3155509039 composite?
False
Is 14889325579 prime?
True
Is 37280294377 a prime number?
False
Is 20538478399 a prime number?
True
Is 687051367183 a composite number?
False
Is 25842619721 composite?
False
Is 1115073847 a prime number?
False
Is 75553678973 a prime number?
True
Is 4038843103 a composite number?
False
Is 7718417489 a prime number?
True
Is 118953468313 prime?
True
Is 42034068079 prime?
False
Is 3377673157 a prime number?
True
Is 305637193 a composite number?
True
Is 656170531 a composite number?
False
Is 23088296597 a composite number?
True
Is 48379107263 a composite number?
True
Is 2697672605 prime?
False
Is 27061378907 a composite number?
False
Is 8613302279 prime?
False
Is 8102168267 composite?
False
Is 827218313 composite?
False
Is 11967329207 composite?
True
Is 24811248103 composite?
True
Is 159209299 a composite number?
False
Is 109437751 a composite number?
True
Is 24060238145 a composite number?
True
Is 1738324127 a composite number?
False
Is 5748435359 a prime number?
True
Is 254544929 prime?
False
Is 1274181319 composite?
True
Is 7058990231 composite?
False
Is 249139481 composite?
False
Is 60358328567 a composite number?
True
Is 1627513859 a composite number?
False
Is 23593364737 a prime number?
False
Is 2970955363 a composite number?
True
Is 4688149349 composite?
True
Is 914089885 a composite number?
True
Is 3997307351 composite?
True
Is 5599875053 composite?
False
Is 71995327 a prime number?
False
Is 426837713 prime?
False
Is 6376255741 prime?
True
Is 2051637409 composite?
True
Is 13349776651 prime?
True
Is 48233982239 a prime number?
True
Is 1500571003 a composite number?
True
Is 123903251 prime?
True
Is 1411854623 composite?
False
Is 79263787 a composite number?
False
Is 1897452379 prime?
True
Is 11869577597 a prime number?
False
Is 565709203 a prime number?
True
Is 22962362149 prime?
True
Is 28312969081 a composite number?
False
Is 168422869 prime?
False
Is 7667224561 composite?
False
Is 3832857971 prime?
False
Is 852718747 a prime number?
True
Is 508137823403 prime?
False
Is 9771754273 a prime number?
False
Is 3969620971 prime?
True
Is 227177309 a prime number?
True
Is 5609634149 a prime number?
False
Is 8141421185 a composite number?
True
Is 146517554683 a prime number?
True
Is 3354385147 a prime number?
True
Is 926442486223 prime?
True
Is 2727913651 a prime number?
False
Is 24362398433 a composite number?
False
Is 1753083149 composite?
False
Is 16139611777 a composite number?
False
Is 96684689 a composite number?
False
Is 23830160617 prime?
False
Is 125198570147 a prime number?
False
Is 1906989754